and d.
7
Let x be 1 + 3/(6/44). Let t be 485*(-2 + (-7)/((-70)/24)). Let i = t + -33. Calculate the greatest common divisor of i and x.
23
Let d(h) be the first derivative of h**3/3 - 3*h**2/2 - 10*h + 1. Let q be d(5). Suppose 2*x - 15 - 3 = q. Calculate the greatest common factor of 9 and x.
9
Let o be 187/34 - (-1)/(-4)*2. Suppose -2*k - 3*k = -25, 193 = 2*r + o*k. Calculate the greatest common divisor of r and 12.
12
Suppose -5*y = 2*n + 1556, -3*n - 2266 = -2*y + 68. Let w = n - 2867. Let o be w/(-75) - 3/5. What is the greatest common factor of 16 and o?
16
Suppose -3*n = -35 - 4. Suppose 0 = 2*j - 163 + 85. Calculate the greatest common divisor of n and j.
13
Suppose -3*h - 3 = -0*h. Let q(t) = t - 1. Let k(s) = 14*s + 13. Let o(v) = h*k(v) + q(v). Let z be o(-6). What is the greatest common factor of 8 and z?
8
Let a(k) be the third derivative of k**4/6 + 8*k**3/3 + 17*k**2. Let l be a(0). What is the greatest common factor of 8 and l?
8
Let i(w) = 6*w - 7 + 9*w**2 + w - 6*w + w. Let b be i(-3). What is the greatest common factor of 17 and b?
17
Let z(r) = 36*r - 99. Let s be z(11). Calculate the highest common factor of s and 132.
33
Let c(a) = -a**3 - 15*a**2 + 15*a - 14. Let m be c(-16). Suppose -4*u + 3 = -m*g - 3, -u + 5*g = 21. What is the highest common factor of u and 10?
2
Let x = 35 + -23. Let j be ((-20)/(-30))/((-1)/3). Let s = x + j. Calculate the highest common divisor of s and 15.
5
Let m = -11 - -2. Let q = 4 + m. Let i(g) = -9*g - 12. Let d be i(q). Calculate the highest common factor of 11 and d.
11
Let a be (96/(-64))/(196/(-48) - -4). Suppose 93 = 4*l - 2*y + 27, 0 = -2*l - 4*y + 28. Let r = -10 + l. What is the highest common divisor of r and a?
6
Suppose -5*z + 126 = 2*p, 0 = z - p - 2 - 26. Suppose -3*k + 37 = -z. Calculate the highest common factor of k and 28.
7
Let t(m) = -m**3 + m**2 + 3*m + 24. Let v be t(0). Calculate the highest common divisor of 376 and v.
8
Let p be (-469)/(-14) + (-1)/2. What is the greatest common divisor of p and 3?
3
Let k = 339 + -270. Suppose 0 = 3*c + i - 74, 3*c + 5*i = -2*c + 140. Calculate the highest common factor of k and c.
23
Let m be (2/(-3))/1*15/(-2). Suppose 5*d - 9 = t, -t = 4*d - 0*d - 9. What is the greatest common factor of m and d?
1
Suppose 0 = -4*x - 11*x + 1425. What is the greatest common divisor of x and 57?
19
Suppose 6*d = n + 2*d - 13, -5*d + 40 = 5*n. What is the highest common divisor of n and 15?
3
Let y(r) = r**2 - 29*r - 117. Let x be y(36). Calculate the highest common divisor of x and 10.
5
Let b(n) = n**2 + 23*n + 24. Let x be b(-22). Let s be 315/14 + x/(-4). Calculate the highest common factor of s and 2.
2
Suppose 0 = 43*r + 194 - 538. What is the highest common divisor of r and 144?
8
Suppose j = 3*w + 35, 3*j + 4*w = -0*w + 66. Let s be (29601/276)/((-3)/(-8) - 0). What is the highest common divisor of s and j?
26
Suppose -43 = -q + 77. Suppose -4*w + 9*w - q = 0. Calculate the greatest common factor of 12 and w.
12
Suppose -3*m + 7 = 3*p - 8, 2*m = 2*p + 2. Suppose -6 = -3*v - 4*t, -2*t - 2 = -v + p*t. What is the greatest common divisor of v and 5?
1
Let x = 9 + 9. Let p be (10/(-4) + 2)*-44. Suppose p + 122 = z. What is the greatest common divisor of z and x?
18
Suppose 2*h = 6*h - 32. Suppose 4*m = -h + 20. What is the greatest common divisor of 3 and m?
3
Let p be (-116)/(2*(-14)/77). Calculate the highest common divisor of p and 55.
11
Let x(c) = -c**2 + 6 - 3 + c**2 - 2*c + 2*c**2. Let s be x(-5). Let u = 359 - 350. What is the highest common factor of s and u?
9
Suppose 441 = -4*n - 4*t + 4241, 5*n - 5*t = 4750. Calculate the greatest common factor of n and 38.
38
Let l(a) = 8*a**2 + 2*a - 2. Let k be l(-2). Let c(m) = m + 98. Let y be c(-46). Calculate the greatest common factor of y and k.
26
Let z be ((15/12)/1)/((-1)/(-8)). Suppose 5*h - 29 - 16 = 0. Let r = z - h. What is the highest common factor of 5 and r?
1
Let q = 357 - 337. What is the highest common factor of q and 1780?
20
Let v(j) = -14*j + 2. Let s be v(3). Let f = 50 + s. Calculate the greatest common factor of f and 50.
10
Let y(v) = 2*v**2 + 4*v + 4. Let w be y(-2). Suppose -2*x = -i + 104, -w*i + 332 = -i + 4*x. What is the greatest common divisor of 12 and i?
12
Let z = -410 - -441. Calculate the highest common divisor of 961 and z.
31
Suppose -11*u + 2789 - 787 = 0. Calculate the highest common factor of 78 and u.
26
Suppose -291 = -4*y + 3*c - 58, 5 = 5*c. What is the greatest common divisor of 1121 and y?
59
Suppose 23 = 3*q - 7. Let a = q - 10. Let p be 2 + a - (-24)/1. Calculate the greatest common divisor of p and 13.
13
Suppose -2*m - 11 - 1 = 0. Let x be -24*4/m + -2. Calculate the highest common factor of 21 and x.
7
Let r be (3/4)/((-16)/(-384)). Suppose -q = -2*q + 4*f - 9, -4*q + r = 2*f. Let v be (1 - 3) + q + 69. Calculate the greatest common divisor of v and 28.
14
Let j be 4 - (-90)/(-21) - (-23)/7. Suppose a + 107 = -5*c + 8*c, 3*c + j*a = 123. Calculate the greatest common divisor of c and 185.
37
Let d(f) = -f**2 - 9*f - 24. Let n be d(-10). Suppose 0 = 5*g - 160 - 80. Let l = n + g. What is the greatest common divisor of 42 and l?
14
Let i be -2 + -1 + -1 - 154/(-1). Let r = -11 + 36. Suppose 2*q = 3*q - r. Calculate the greatest common factor of i and q.
25
Let s(y) = -y**3 + y**2 - 8*y - 16. Let i be s(-4). Let n be (-3)/9*186/(-2). Let j = n - 19. Calculate the highest common divisor of i and j.
12
Let g be (-40)/(-2)*2/(-5). Let f be (g + 15)/((-1)/(-3)). Calculate the greatest common factor of 147 and f.
21
Let c = 9 - -3. Let j = -148 - -154. Calculate the highest common factor of c and j.
6
Suppose 142 = -2*s + 958. What is the greatest common divisor of s and 51?
51
Let b(n) = 2*n**2 - n. Suppose -9*a - 38 = -2. Let z be b(a). Calculate the greatest common divisor of z and 12.
12
Suppose -23*f + 736 = 69*f. Let b(v) = -v + 16. Let y be b(0). What is the greatest common divisor of y and f?
8
Suppose -2*l - 2*h = -2 - 4, l + 5*h - 3 = 0. Suppose l*x + 0*x = -5*s + 761, -3*s - 5*x + 447 = 0. What is the greatest common divisor of 14 and s?
14
Let u be (-3)/3*0/2. Suppose -30 = 4*x - 3*f, 2*x + 0*x - 3*f + 18 = u. Let k be ((-40)/(-6))/(x/(-9)). Calculate the highest common divisor of k and 110.
10
Let t be 6/4*(0 - 340/(-15)). Calculate the highest common factor of t and 17.
17
Let a = 558 - 384. Calculate the greatest common factor of a and 261.
87
Suppose 0 = 379*b - 366*b - 3016. Calculate the highest common factor of b and 1972.
116
Suppose f = -54*z + 58*z - 13901, 3*f - 3472 = -z. Calculate the greatest common factor of 25 and z.
25
Let p = -311 - -393. Calculate the highest common factor of p and 2214.
82
Suppose -2*i = 2 - 8. Let t = 38 - 32. Calculate the highest common factor of t and i.
3
Let y be 38/4 - 10/20. Let p(n) be the second derivative of n**3 - 9*n**2/2 + 3*n. Let x be p(y). Calculate the greatest common factor of 9 and x.
9
Suppose 3*o + 156 + 257 = 4*h, -2*o = 2*h - 210. Let l(p) = 27*p**2 - 1. Let j be l(1). What is the highest common divisor of j and h?
26
Let q(r) = -r**3 + 29*r - 10. Let g be q(-7). What is the highest common factor of 30 and g?
10
Suppose 0 = -15*z + 12*z - 3*i + 9, 0 = 3*z - 4*i - 2. What is the greatest common factor of 4 and z?
2
Suppose -6*q + 46 = -5*q. What is the highest common factor of q and 920?
46
Suppose 3*i - 2*c + 27 = 0, i - 4*c + 17 + 2 = 0. Let y = 26 - i. Calculate the highest common factor of 66 and y.
33
Suppose -15 = 9*c - 96. Suppose -c*l + 13*l = 72. What is the greatest common factor of 162 and l?
18
Let j(s) = 5*s - 18. Let x be j(4). Let r(d) = -d + 5. Let q be r(-4). Suppose 2*u - q = -u. What is the greatest common factor of x and u?
1
Let p(b) = -2*b**2 - 6*b - 3. Let j be p(-4). Suppose -4*h + 112 = -8*h. Let g = j - h. What is the greatest common factor of g and 187?
17
Suppose -6 = 6*h - 7*h. Let d be (-4)/(-14) + 1586/(-14). Let w = -71 - d. Calculate the greatest common divisor of h and w.
6
Suppose a = 189 - 153. What is the greatest common factor of 48 and a?
12
Suppose g - 206 = -2*o, 194 = 2*o - 9*g + 13*g. What is the highest common factor of o and 168?
21
Let i = -130 - -226. Let t = i + -11. Calculate the highest common divisor of 34 and t.
17
Let f = 8